prime?
True
Is 1901 prime?
True
Is 834437 prime?
False
Is 36293 prime?
True
Is 240887 prime?
False
Is 5723 a prime number?
False
Is 113635 a prime number?
False
Is 444271 composite?
False
Is 2802959 prime?
True
Is 611139 composite?
True
Is 1499921 composite?
False
Is 59467 a composite number?
False
Is 193519 a prime number?
False
Is 75397 a prime number?
False
Is 29413 a composite number?
True
Is 83977 a prime number?
False
Is 908707 composite?
True
Is 12946 a composite number?
True
Is 74411 prime?
True
Is 9613 a prime number?
True
Is 3977 a composite number?
True
Is 340849 composite?
False
Is 140542 a composite number?
True
Is 1086337 prime?
False
Is 19243 a prime number?
False
Is 60523 a composite number?
True
Is 130919 a composite number?
True
Is 3407 a composite number?
False
Is 56939 prime?
False
Is 59 a prime number?
True
Is 42599 prime?
False
Is 409 a prime number?
True
Is 5186 a prime number?
False
Is 24194 a prime number?
False
Is 131413 prime?
True
Is 36857 prime?
True
Is 61309 prime?
False
Is 13417 composite?
False
Is 448439 a composite number?
True
Is 50146 composite?
True
Is 26191 a prime number?
False
Is 8741 a composite number?
False
Is 34721 a composite number?
False
Is 398101 prime?
False
Is 241609 composite?
True
Is 1885641 a composite number?
True
Is 22013 a prime number?
True
Is 1675739 composite?
True
Is 2173 a prime number?
False
Is 5921 prime?
False
Is 291427 a prime number?
False
Is 78343 prime?
False
Is 1575491 composite?
True
Is 10517 a prime number?
False
Is 17087 a composite number?
True
Is 472267 composite?
True
Is 23395 prime?
False
Is 150485 a composite number?
True
Is 7421 a composite number?
True
Is 36973 prime?
True
Is 230929 composite?
False
Is 75377 a composite number?
False
Is 6007 a composite number?
False
Is 18347 prime?
False
Is 247 a prime number?
False
Is 10415429 a prime number?
True
Is 69427 prime?
True
Is 33589 composite?
False
Is 2669 a prime number?
False
Is 24283 composite?
True
Is 53347 a composite number?
True
Is 7741 composite?
False
Is 2833 a prime number?
True
Is 943 composite?
True
Is 1969 a composite number?
True
Is 1151 a composite number?
False
Is 26339 a prime number?
True
Is 173449 a composite number?
True
Is 73153 a prime number?
False
Is 47711 a prime number?
True
Is 265199 a prime number?
False
Is 5638 composite?
True
Is 4111 a prime number?
True
Is 1721 a composite number?
False
Is 112121 composite?
False
Is 6469 composite?
False
Is 68441 composite?
True
Is 103643 prime?
True
Is 4444135 a prime number?
False
Is 201073 a composite number?
False
Is 7853 prime?
True
Is 116255 prime?
False
Is 183 composite?
True
Is 1321589 a prime number?
True
Is 989231 composite?
False
Is 45941 a prime number?
False
Is 2 prime?
True
Is 403537 a composite number?
False
Is 96697 a composite number?
False
Is 12531 composite?
True
Is 178681 prime?
True
Is 9149 composite?
True
Is 83735 a prime number?
False
Is 314207 a prime number?
False
Is 27502 a prime number?
False
Is 78691 composite?
False
Is 50695 prime?
False
Is 56141 a prime number?
False
Is 220973 composite?
False
Is 31385 a composite number?
True
Is 25391 a composite number?
False
Is 197539 a composite number?
False
Is 14591 a composite number?
False
Is 499937 a prime number?
False
Is 16603 composite?
False
Is 15427 a prime number?
True
Is 184919 a prime number?
False
Is 28789 a composite number?
False
Is 353435 a composite number?
True
Is 526367 a composite number?
False
Is 35981 composite?
True
Is 3205385 a prime number?
False
Is 22394 a composite number?
True
Is 4911 a prime number?
False
Is 55607 composite?
True
Is 13387 a composite number?
True
Is 84215 a prime number?
False
Is 2221 prime?
True
Is 82609 composite?
False
Is 3389 a composite number?
False
Is 12697 prime?
True
Is 77939 composite?
True
Is 4699 composite?
True
Is 23141 prime?
False
Is 6227 composite?
True
Is 777209 a prime number?
True
Is 312781 prime?
False
Is 33509 prime?
False
Is 5639 composite?
False
Is 115421 composite?
False
Is 119489 composite?
False
Is 28601 prime?
False
Is 7694 prime?
False
Is 8039 composite?
False
Is 2046974 a composite number?
True
Is 103009 composite?
True
Is 74926 a composite number?
True
Is 11299 a composite number?
False
Is 2581 a composite number?
True
Is 49099 composite?
True
Is 35411 a prime number?
False
Is 402547 a composite number?
True
Is 22469 a composite number?
False
Is 2897 a prime number?
True
Is 34753 a composite number?
True
Is 76207 a prime number?
True
Is 12563 composite?
True
Is 1193 a prime number?
True
Is 1246111 composite?
True
Is 233279 a prime number?
True
Is 376009 composite?
False
Is 148717 prime?
False
Is 3793 composite?
False
Is 58991 composite?
False
Is 63619 composite?
True
Is 318077 composite?
False
Is 8501 a composite number?
False
Is 134 composite?
True
Is 593839 prime?
True
Is 93707 a composite number?
True
Is 56851 a prime number?
False
Is 733511 a composite number?
False
Is 12527 a prime number?
True
Is 1657 prime?
True
Is 841 a composite number?
True
Is 69217 a prime number?
False
Is 6621 a composite number?
True
Is 46213 composite?
True
Is 4609 a composite number?
True
Is 5963 a prime number?
False
Is 28687 a composite number?
False
Is 11652431 a prime number?
False
Is 523261 prime?
True
Is 10821 prime?
False
Is 436259 prime?
False
Is 257981 a composite number?
False
Is 56438 a prime number?
False
Is 25793 prime?
True
Is 969637 a prime number?
True
Is 67519 composite?
True
Is 115961 prime?
False
Is 24209 composite?
True
Is 18503 a prime number?
True
Is 439783 composite?
True
Is 442907 a composite number?
True
Is 7979 a prime number?
False
Is 1589777 a composite number?
True
Is 59611 a prime number?
True
Is 243619 prime?
False
Is 170653 a prime number?
False
Is 4584655 a prime number?
False
Is 11777 a composite number?
False
Is 10639 a composite number?
False
Is 65357 a prime number?
True
Is 8147 a composite number?
False
Is 1356053 composite?
False
Is 497111 a prime number?
True
Is 11863 a prime number?
True
Is 9411 composite?
True
Is 3841 a prime number?
False
Is 740801 prime?
True
Is 181693 a composite number?
False
Is 9298 prime?
False
Is 71567 prime?
False
Is 164751 composite?
True
Is 100907 a prime number?
True
Is 8191 a composite number?
False
Is 230161 a prime number?
False
Is 15259 a composite number?
False
Is 14579 prime?
False
Is 6341 a composite number?
True
Is 219749 composite?
False
Is 53087 prime?
True
Is 278309 composite?
True
Is 88159 composite?
True
Is 119453 a prime number?
False
Is 261854 a prime number?
False
Is 139387 composite?
False
Is 45371 prime?
False
Is 10862 composite?
True
Is 52627 a prime number?
True
Is 410899 a prime number?
True
Is 304123 a composite number?
True
Is 58253 composite?
True
Is 337373 a composite number?
True
Is 1917397 composite?
False
Is 49429 a composite number?
False
Is 35609 composite?
True
Is 150743 composite?
False
Is 2051 prime?
False
Is 13589 prime?
False
Is 165391 composite?
False
Is 12381 a composite number?
True
Is 133573 a prime number?
False
Is 3611 a composite number?
True
Is 35011 composite?
True
Is 224401 composite?
False
Is 590731 a composite number?
True
Is 432097 a prime number?
True
Is 3745091 a prime number?
False
Is 199591 composite?
True
Is 790307 a prime number?
False
Is 2815 a prime number?
False
Is 44579 a prime number?
True
Is 6787 composite?
True
Is 725035 composite?
True
Is 251561 composite?
False
Is 26903 composite?
False
Is 398171 composite?
False
Is 29363 prime?
True
Is 172969 a composite number?
False
Is 1410011 a composite number?
True
Is 191431 a composite number?
True
Is 652117 a composite number?
False
Is 1643 composite?
True
Is 136447 a prime number?
True
Is 7063 composite?
True
Is 596761 a prime number?
False
Is 13355 a prime number?
False
Is 2015297 composite?
True
Is 216317 prime?
True
Is 123659 composite?
True
Is 68167 composite?
True
Is 399479 a composite number?
True
Is 11015 composite?
True
Is 362851 prime?
True
Is 2268641 a composite number?
True
Is 943707 prime?
False
Is 12277 a composite number?
False
Is 11777 composite?
False
Is 493693 composite?
False
Is 24793 a prime number?
True
Is 308249 a prime number?
True
Is 5834491 composite?
True
Is 96035 composite?
True
Is 673253 a prime number?
False
Is 46045 a composit